 divided by 17.
14
Let v(s) = s**2 + 5*s + 2. What is the remainder when 7 is divided by v(-5)?
1
Let g(i) = 2*i**2 - i - 2*i**2 + 13*i**2. Calculate the remainder when 41 is divided by g(-1).
13
Let u be 74/8 - 3/(-4). Suppose 5*m = 2*j + 147, -j = -3*m - 3*j + 85. Calculate the remainder when m is divided by 219/15 + 4/u.
14
Suppose 0 = -5*s - 5*v, 2*s - 5*v - 24 = -v. Calculate the remainder when 9 - -2*(2 + -1) is divided by s.
3
What is the remainder when 128 is divided by (4/(-6))/2 + (-638)/(-33)?
14
Let z(p) = p**2 - 4. Let u(o) = -o**2 + 7*o - 6. Let d be u(4). Let g = 10 - d. What is the remainder when z(g) is divided by 7?
5
Let h(o) = -o**3 - 4*o**2 + 4*o - 2. Let x(p) = 3*p**3 + 12*p**2 - 11*p + 7. Let g(w) = 8*h(w) + 3*x(w). Calculate the remainder when 31 is divided by g(-3).
14
Suppose -b = 1 - 4. Suppose 0 = d + 4*i + 9, 0 = 2*i - 5*i - 6. Let p = d - -4. Calculate the remainder when p is divided by b.
0
Let h(n) = 37*n - 3. Let o be h(3). Suppose 4*b - o = -28. Calculate the remainder when (-26 + 14)*18/(-4) - -4 is divided by b.
18
Let v = 51 + -1. What is the remainder when 99 is divided by v?
49
Let h(u) = 14*u. Let c be h(1). Suppose 4*t = 3*y + 2*y + 26, 3*y = -5*t + c. What is the remainder when 27 + (t/(-2))/(-2) is divided by 15?
13
What is the remainder when 10 is divided by ((-52)/12 + 2)/(1/(-3))?
3
Let o be (-2 - (-2)/1) + 8. Suppose 2*r - o = x, -5*r + 0*x - x = -6. Let c(m) = 2*m - 4. What is the remainder when c(3) is divided by r?
0
Let t(j) be the third derivative of -1/24*j**4 + 0 + 0*j + j**2 + 1/60*j**5 + 0*j**3 + 3/40*j**6. Calculate the remainder when 25 is divided by t(1).
7
What is the remainder when ((-94)/(-4))/(2/4) is divided by 16?
15
Suppose n - 32 = -3*n. What is the remainder when 23 is divided by n?
7
Let t(k) = k**3 - 6*k**2 + 8*k - 7. What is the remainder when t(5) is divided by 2?
0
Let w = -9 - -15. Let u be 26/8 - (-3)/(-12). Calculate the remainder when w is divided by (u + -4)/(2/(-4)).
0
Let j(k) = 5*k**2 + 2*k. What is the remainder when 28*(5 - (2 - -2)) is divided by j(-2)?
12
Let x(q) = -q**2 + q - 1. Let r be x(1). Calculate the remainder when 35 is divided by (-245)/(-20) - r/(-4).
11
Let a = -32 - -46. Let c be ((-220)/(-15))/((-2)/(-3)). Let g = -17 + c. Calculate the remainder when a is divided by g.
4
Suppose -204 = -4*t - 5*j, -t - 8*j + 4*j = -62. Calculate the remainder when t is divided by 24.
22
Suppose 9 = 2*c + c. Suppose c*l - 11 = 4. Calculate the remainder when 29 is divided by (-2)/l + 208/20.
9
Let r be (-6 + 0)/((-6)/39). Suppose -3*s + 3*n = -r, -5*s + 64 = n - 5*n. What is the remainder when 35 is divided by s?
11
Suppose -4*f - 22 = 22. Let u(k) = k**2 + 7*k + 6. Calculate the remainder when u(f) is divided by 13.
11
Let j(h) = h**3 - 7*h**2 + 3*h - 8. Let g be j(7). Suppose -5*y + 4*d = -56, 2*d = -y + d + g. Let v = 81 - 46. What is the remainder when v is divided by y?
11
Suppose 0 = -3*j - 3 - 0, 0 = -2*v + 3*j + 29. Calculate the remainder when 21 is divided by v.
8
Let a be 1/(-1) + (17 - 23). Let p = a - -17. Calculate the remainder when 38 is divided by p.
8
Let h = 46 + 19. Let t(l) = l**2 - 4*l + 1. Calculate the remainder when h is divided by t(-3).
21
Let q = -4 - -6. Suppose q*g + 8 + 6 = 0. Let h = g - -18. What is the remainder when h is divided by 4?
3
Let u be (-1 - 10)*(0 - 3). Suppose -5*z + u = -2*z. Calculate the remainder when 21 is divided by z.
10
Let t(h) = h**2 - 7*h + 1. Let n be t(7). What is the remainder when 9 + 1 + -1 + n is divided by 6?
4
Let y(n) = n + 23. Calculate the remainder when 28 is divided by y(-8).
13
Let r(d) = -14*d - 81. Calculate the remainder when r(-9) is divided by 18.
9
Suppose -42 = -3*q + 7*i - 4*i, q + 5*i - 14 = 0. Calculate the remainder when q is divided by 5.
4
Let z(t) = 4*t**2 + 5*t - 6. Let q be z(-5). Let l = 164 - q. Suppose 0 = 4*r - l + 39. What is the remainder when 26 is divided by r?
12
Suppose 5*s - 1 = -6*w + 5*w, -5*s - 2 = -2*w. Suppose 3*g - l - 66 = s, 78 = 2*g + g + 3*l. Calculate the remainder when g is divided by 37/3 + (-1)/3.
11
Suppose 61*q + 188 = 63*q. Calculate the remainder when q is divided by 19.
18
Suppose -3*m + 2*d + 57 + 2 = 0, 4*d = 5*m - 99. Let y(i) = i**3 - 4*i**2 + i - 7. Let g be y(5). Let o = -16 + g. What is the remainder when m is divided by o?
5
Suppose -6*g + 3*g = y - 165, -g + 55 = 2*y. Calculate the remainder when g is divided by 15.
10
Let s(d) = 5*d. What is the remainder when s(9) is divided by 12?
9
Let g be 7 - 1 - (4 - 2). Suppose g*a = 3*a + 5. Suppose -a = -0*s - 5*s, f = 3*s + 50. What is the remainder when f is divided by 18?
17
Suppose -85 + 250 = 5*r. Calculate the remainder when 97 is divided by r.
31
Let h(q) = -q**3 + 4*q**2 + 3*q. Let l(r) = 3*r**3 + r**2. Let t be l(-1). Let x be h(t). Let u = x + -11. Calculate the remainder when 19 is divided by u.
5
Suppose -7*y + 3*y = -40. What is the remainder when y is divided by ((-2)/(-3))/((-3)/(-27))?
4
Calculate the remainder when 6/1*1/2 + 12 is divided by 9.
6
Suppose 2*n = 5*n - 93. Let z be 4 + 2 - (2 + 1). Suppose -5*y = -i - 59, -10 = y - 3*y - z*i. What is the remainder when n is divided by y?
9
Let v(b) = 3*b - 4. Let l = 4 - 1. Let o be v(l). Suppose -y - 34 = -5*g - 2*y, o*y + 5 = 0. What is the remainder when 19 is divided by g?
5
Let m(a) = 4*a**3 - 3*a**2. What is the remainder when m(3) is divided by (32 - 0) + (-4 - 0)?
25
Let o(j) = -29*j + 2. Let p be o(-2). Suppose 2*g = -g - 5*y + p, y + 128 = 5*g. Let q(m) = 2*m - 3. What is the remainder when g is divided by q(6)?
7
Suppose 2*g = 2*h + 334, -835 = -5*g - 2*h - 0*h. Calculate the remainder when g is divided by 34.
31
Let q(h) be the second derivative of 8/3*h**4 + 0 - 1/2*h**2 + 0*h**3 + 3*h. What is the remainder when q(1) is divided by 11?
9
Suppose 42 + 6 = 3*w. Let i(x) = x**2 + 2*x - 2. What is the remainder when i(6) is divided by w?
14
Calculate the remainder when 9 is divided by (-184)/(-44) + 2/(-11).
1
Suppose -8*z + 204 = -6*z. Suppose 104 = 4*v + v - 3*w, z = 5*v - 4*w. Calculate the remainder when v is divided by 6.
4
Let q(v) = 10*v**2 - 3*v + 1. What is the remainder when 37 is divided by q(1)?
5
Suppose -s = -5*r + 109, 114 = 5*r + 6*s - 2*s. What is the remainder when 63 is divided by r?
19
Let d(m) be the first derivative of m**3/3 + 3*m**2 + 4*m - 1. Calculate the remainder when 31 is divided by d(-7).
9
Suppose -b - 14 = -3*b. Calculate the remainder when 25 is divided by b.
4
Let k(g) = -3*g**2 - 1. Let b be k(1). Let d(s) = -2*s - 3. Let q = 22 - 8. What is the remainder when q is divided by d(b)?
4
Let n = 18 - 11. Suppose 0 = -2*z - 3*x + 5, 4*x = -n - 13. What is the remainder when (-2)/((4/19)/(-2)) is divided by z?
9
Calculate the remainder when 49 is divided by (-45)/10*1*(-2 + -2).
13
Suppose -4*l - 4*l = -40. Calculate the remainder when l is divided by 5.
0
Let r(z) = 1. Let d(j) = -j - 4. Let x(m) = -d(m) + 3*r(m). What is the remainder when 2 is divided by x(-6)?
0
Suppose 12 = 2*w - 0*w. Suppose -3*r + w*r - 30 = 0. Calculate the remainder when 19 is divided by r.
9
Let c(d) = d**3 - 4*d**2 + 2*d + 4. Let o be c(5). Let v = o + -20. What is the remainder when v is divided by 10?
9
Let m(j) = 2*j**2 + 5*j - 1. Let p be m(6). Let u = p - 63. Calculate the remainder when (-2)/(-5)*(-3 + u) is divided by 5.
4
Let l = -12 - -6. What is the remainder when l/(-2)*(-54)/(-6) is divided by 14?
13
Let z(a) = a + 17. What is the remainder when z(15) is divided by 11?
10
Let b = 5 - 3. Let z(j) = b*j**2 + 3 + j**3 + 0*j**2 - 3. What is the remainder when 46 is divided by z(2)?
14
Let j(x) = -x**3 - 12*x**2 + 2*x + 27. Let m(v) = v - 4. Calculate the remainder when j(-12) is divided by m(6).
1
Let t = -9 + 23. Suppose 3*r + 5*l - 233 = 0, -339 = 3*r - 8*r + 4*l. Let i = -44 + r. Calculate the remainder when i is divided by t.
13
What is the remainder when 70 is divided by 190/8 - 9/(-36)?
22
Let j(v) = -4*v**3 - v**2 + 2*v + 4. What is the remainder when j(-2) is divided by 15?
13
Let x(o) = o**2 + 8*o - 42. What is the remainder when x(-13) is divided by 4?
3
Suppose 0*s - 55 = -2*s - w, -3*s + 5*w + 102 = 0. Suppose 5*v = 25, v - s = -3*i - 6. Calculate the remainder when 23 is divided by i.
5
Le